e
Is 8 a factor of 460?
False
Is 159936 a multiple of 28?
True
Is 62 a factor of 93153?
False
Is 423 a multiple of 9?
True
Does 203 divide 1418?
False
Does 24 divide 4104?
True
Is 11 a factor of 287?
False
Is 1927 a multiple of 41?
True
Is 47 a factor of 861?
False
Does 25 divide 820?
False
Is 1247 a multiple of 23?
False
Is 10 a factor of 280?
True
Is 6634 a multiple of 107?
True
Does 13 divide 513?
False
Is 6 a factor of 42609?
False
Is 1695 a multiple of 15?
True
Does 43 divide 4085?
True
Does 179 divide 55925?
False
Is 19 a factor of 464?
False
Does 88 divide 5632?
True
Does 20 divide 25253?
False
Is 36434 a multiple of 76?
False
Does 105 divide 1270?
False
Is 654 a multiple of 20?
False
Does 31 divide 217?
True
Is 181 a factor of 26788?
True
Does 166 divide 62582?
True
Is 32 a factor of 86212?
False
Is 147 even?
False
Does 43 divide 516?
True
Is 10975 a multiple of 13?
False
Is 4222 a multiple of 14?
False
Does 17 divide 6461?
False
Is 5 a factor of 10590?
True
Does 6 divide 2472?
True
Does 38 divide 1133?
False
Does 111 divide 777?
True
Is 8816 a multiple of 84?
False
Is 102 a factor of 1807?
False
Is 656 a multiple of 25?
False
Is 46 a factor of 598?
True
Does 4 divide 680?
True
Does 8 divide 384?
True
Is 816 a multiple of 17?
True
Does 6 divide 2562?
True
Does 9 divide 66681?
True
Is 1229 a multiple of 9?
False
Is 54 a factor of 179?
False
Is 7 a factor of 483?
True
Is 18 a factor of 162?
True
Is 28 a factor of 6064?
False
Does 233 divide 103685?
True
Does 77 divide 4304?
False
Is 612 a multiple of 36?
True
Is 9555 a multiple of 39?
True
Does 19 divide 2147?
True
Is 27810 a multiple of 206?
True
Does 3 divide 430?
False
Is 40 a factor of 1040?
True
Is 195 a factor of 390?
True
Is 37367 a multiple of 57?
False
Is 22032 a multiple of 102?
True
Does 26 divide 13792?
False
Does 7 divide 3351?
False
Does 9 divide 189?
True
Is 1804 a multiple of 55?
False
Is 22410 a multiple of 91?
False
Does 17 divide 543?
False
Is 6300 a multiple of 9?
True
Is 20 a factor of 532?
False
Is 835 a multiple of 5?
True
Is 21283 a multiple of 10?
False
Is 963 a multiple of 11?
False
Is 52 a factor of 2055?
False
Is 65 a factor of 1597?
False
Is 10667 a multiple of 27?
False
Is 9 a factor of 734?
False
Is 585 a multiple of 3?
True
Is 13 a factor of 681?
False
Does 10 divide 44510?
True
Is 53 a factor of 14946?
True
Does 13 divide 1755?
True
Does 48 divide 3217?
False
Is 4040 a multiple of 8?
True
Is 27 a factor of 1215?
True
Is 22 a factor of 20724?
True
Is 39 a factor of 2155?
False
Does 3 divide 74?
False
Does 21 divide 712?
False
Does 46 divide 1376?
False
Is 9750 a multiple of 50?
True
Does 26 divide 5064?
False
Is 944 a multiple of 67?
False
Is 1176 a multiple of 84?
True
Does 75 divide 224?
False
Is 52 a factor of 156?
True
Does 16 divide 320?
True
Is 16 a factor of 407?
False
Is 92 a multiple of 67?
False
Is 21504 a multiple of 16?
True
Is 143 a factor of 16090?
False
Is 4152 a multiple of 24?
True
Is 6 a factor of 468?
True
Is 12 a factor of 13476?
True
Is 222 a multiple of 7?
False
Does 27 divide 432?
True
Is 5660 a multiple of 23?
False
Does 7 divide 925?
False
Is 1446 a multiple of 23?
False
Is 4680 a multiple of 78?
True
Does 20 divide 420?
True
Is 60 a factor of 382?
False
Is 900 a multiple of 20?
True
Does 75 divide 8175?
True
Is 47 a factor of 10011?
True
Is 6 a factor of 4872?
True
Does 16 divide 1852?
False
Does 29 divide 435?
True
Is 70 a factor of 2249?
False
Does 18 divide 36195?
False
Is 21 a factor of 231?
True
Is 39 a factor of 86470?
False
Is 26 a factor of 29?
False
Is 101 a factor of 53205?
False
Does 2 divide 219?
False
Is 18 a factor of 954?
True
Does 44 divide 120208?
True
Is 221 a multiple of 17?
True
Is 11 a factor of 19404?
True
Is 106 a factor of 17833?
False
Does 11 divide 21860?
False
Does 36 divide 7128?
True
Does 11 divide 1520?
False
Does 14 divide 1050?
True
Does 19 divide 5000?
False
Does 9 divide 522?
True
Is 5695 a multiple of 60?
False
Is 16 a factor of 3099?
False
Does 15 divide 52860?
True
Is 8 a factor of 592?
True
Does 117 divide 13436?
False
Is 40 a factor of 43960?
True
Does 180 divide 3240?
True
Does 43 divide 1195?
False
Is 31 a factor of 2852?
True
Is 8 a factor of 9759?
False
Is 50 a multiple of 8?
False
Does 28 divide 22988?
True
Is 59 a factor of 7150?
False
Is 38 a factor of 42978?
True
Does 53 divide 4671?
False
Is 9958 even?
True
Is 2320 a multiple of 16?
True
Does 33 divide 3924?
False
Is 15 a factor of 139?
False
Is 220 even?
True
Is 87 a factor of 27579?
True
Is 2908 a multiple of 142?
False
Is 1537 a multiple of 29?
True
Is 7 a factor of 532?
True
Is 145 a multiple of 5?
True
Is 16872 a multiple of 37?
True
Is 69 a multiple of 3?
True
Is 19 a factor of 2090?
True
Is 97 a factor of 837?
False
Is 48 a factor of 21239?
False
Is 1507 a multiple of 15?
False
Does 5 divide 464?
False
Is 22848 a multiple of 17?
True
Does 12 divide 84?
True
Does 19 divide 722?
True
Is 9 a factor of 2565?
True
Is 144 a factor of 14813?
False
Is 23296 a multiple of 224?
True
Is 32 a factor of 536?
False
Is 163 a factor of 3503?
False
Is 2132 a multiple of 26?
True
Is 767 a multiple of 59?
True
Is 54 a factor of 1615?
False
Does 50 divide 6600?
True
Is 124 a multiple of 17?
False
Does 18 divide 3563?
False
Is 117 a factor of 11981?
False
Is 9 a factor of 5112?
True
Is 6 a factor of 36?
True
Does 45 divide 87355?
False
Is 87 a factor of 2237?
False
Does 196 divide 28976?
False
Is 1300 a multiple of 20?
True
Is 1799 a multiple of 2?
False
Is 40914 a multiple of 133?
False
Does 134 divide 112694?
True
Is 11 a factor of 620?
False
Is 45 a factor of 3974?
False
Does 5 divide 454?
False
Is 111 a multiple of 37?
True
Is 66 a factor of 16434?
True
Is 98 a factor of 36556?
False
Does 65 divide 51350?
True
Is 10374 a multiple of 38?
True
Is 25620 a multiple of 210?
True
Does 7 divide 1330?
True
Is 296 a multiple of 19?
False
Does 50 divide 11250?
True
Is 3033 a multiple of 9?
True
Is 660 a multiple of 15?
True
Does 4 divide 160?
True
Is 1160 a multiple of 58?
True
Does 9 divide 1917?
True
Does 8 divide 1776?
True
Is 2 a factor of 344?
True
Does 52 divide 15236?
True
Is 47 a factor of 329?
True
Does 62 divide 1178?
True
Is 24 a factor of 3296?
False
Does 21 divide 7350?
True
Is 13 a factor of 801?
False
Is 185 a multiple of 53?
False
Is 13 a factor of 676?
True
Does 13 divide 182?
True
Does 11 divide 2838?
True
Is 5 a factor of 307?
False
Is 3810 a multiple of 6?
True
Is 12 a factor of 120?
True
Is 40846 a multiple of 37?
False
Does 6 divide 942?
True
Does 81 divide 1215?
True
Does 25 divide 2525?
True
Is 42 a factor of 3392?
False
Is 24 a factor of 74160?
True
Is 12645 a multiple of 22?
False
Is 11508 a multiple of 32?
False
Does 40 divide 8167?
False
Is 578 a multiple of 25?
False
Is 44836 a multiple of 44?
True
Does 26 divide 2469?
False
Does 2 divide 89?
False
Does 4 divide 832?
True
Does 22 divide 5679?
False
Is 13 a factor of 507?
True
Does 7 divide 205?
False
Is 1404 a multiple of 18?
True
Is 44539 a multiple of 8?
False
Does 5 divide 173?
False
Is 36 a factor of 1476?
True
Is 782 a multiple of 34?
True
Is 6196 a multiple of 126?
False
Is 152 a multiple of 8?
True
Does 22 divide 15532?
True
Is 12 a factor of 2421?
False
Is 208 a multiple of 3?
False
Is 56 a factor of 13188?
False
Is 8 a factor of 1552?
True
Does 10 divide 3278?
False
Is 55 a factor of 110?
True
Does 19 divide 28155?
False
Is 24 a factor of 648?
True
Is 11 a factor of 5299?
False
Does 75 divide 4625?
False
Does 8 divide 1669?
False
Is 5040 a multiple of 42?
True
Is 73656 a multiple of 72?
True
Is 612 a multiple of 51?
True
Does 59 divide 587?
False
Does 28 divide 2325?
False
Does 164 divide 21156?
True
Is 10 a factor of 1088?
False
Is 631 a multiple of 8?
False
Is 42 a factor of 3108?
True
Does 15 divide 765?
True
Is 6384 a multiple of 19?
True
Is 6 a factor of 972?
True
Is 1162 a multiple of 5?
False
Is 101100 a multiple of 15?
True
Is 20 a factor of 27200?
True
Is 381 a multiple of 9?
False
Does 146 divide 4451?
False
Does 3 divide 135?
True
Is 675 a multiple of 75?
True
Is 18843 a multiple of 33?
True
Does 2 divide 6268?
True
Is 29 a factor of 7239?
False
Is 12 a factor of 57252?
True
Is 2325 a multiple of 5?
True
Does 34 divide 589?
False
Does 46 divide 21826